
Let a be 19/((-2 - -1) + 2). Suppose -2 - 2 = -2*h - 4*p, 0 = -5*p - 15. Suppose -a = -j - h. What is the tens digit of j?
1
Let f be (-5)/(-1)*(-1 + 2). Let u = 1 + f. Suppose u = y + y. What is the units digit of y?
3
Let t(j) = j**2 + 4*j - 6. Let o be t(5). Suppose -4*a = 7 - o. What is the units digit of a?
8
Let q(g) = g + 13. Suppose 5*n + 2*o - 47 = o, -3*o - 39 = -5*n. What is the tens digit of q(n)?
2
Let k = -26 + 130. What is the hundreds digit of k?
1
Let i = 3 - -2. Let k(w) = 9*w**2 - w. Let u be k(1). Let m = u - i. What is the units digit of m?
3
Suppose -4*k - 10 = 5*g, -5*k + 6 = -3*g - k. Let o = g - -24. What is the tens digit of o?
2
Let a(x) = 0 - 1 - x - 2. What is the units digit of a(-8)?
5
Let s = 26 - 36. What is the units digit of 75/7 - s/35?
1
Let l(z) = 3*z - 18. What is the tens digit of l(10)?
1
Let v(r) = -r**3 - 10*r**2 + r + 11. Let l be v(-10). Let y be l/(2 + 6/(-4)). Suppose 50 = 5*z + 5*g, -2*z - y*g = z - 35. What is the units digit of z?
5
Suppose -96 - 4 = -4*w. What is the tens digit of w?
2
Let g = -10 - -7. Let n = g - -2. What is the units digit of (3/(-3))/n - -20?
1
Suppose -7*r + 3*r + 5*d = -337, 0 = 4*d - 12. What is the units digit of r?
8
Suppose -2*d - 14 = -66. What is the units digit of d?
6
Suppose 15 = 3*i, -2*a = 2*a - 4*i - 40. Let f be 32/6 + (-5)/a. What is the units digit of 2 - (f*-1 + 1)?
6
Let j = -18 - -14. Let q(t) = t**3 + 5*t**2 + 2*t + 5. What is the units digit of q(j)?
3
Suppose 20*g - 518 = 13*g. What is the units digit of g?
4
What is the units digit of 93*3/6*10/15?
1
Let n(f) be the first derivative of f**4/4 - 7*f**3/3 - 4*f**2 + 9*f - 3. What is the units digit of n(8)?
9
Suppose q = 4*y + 103, -5*y + 74 = 2*q - 80. What is the units digit of q?
7
Suppose -2*m + 15 = m. Suppose s - 30 = -2*s. Suppose m*x = 60 + s. What is the tens digit of x?
1
Let k(j) = -j**3 + 7*j**2 - 5*j + 7. Let a be -3*1 - (0 + -9). What is the units digit of k(a)?
3
Suppose -4*f = 5*b + f + 10, 0 = -3*b - 4*f - 9. Let s be (-17)/(-4) + b/(-4). Suppose 13 = i + s. What is the units digit of i?
9
Suppose 0 = 5*i - 20 - 5. Suppose -36 = -3*s + i*g, -2*s - 4*g = -s - 29. What is the units digit of s?
7
Let b = -4 - -11. What is the units digit of b?
7
Let l be (-8)/(-20) + (-44)/10. Let y = l - -15. What is the tens digit of y?
1
What is the tens digit of ((-76)/5)/((-6)/15)?
3
Suppose 0 = -w - 1 + 9. Let h(l) = l - 10. Let b be h(w). Let d = b - -6. What is the units digit of d?
4
Suppose 2*c - 6 = -t - 0*c, 2*c - 6 = 5*t. Suppose -6*y + y + 15 = t. Suppose 0 = y*z - 9 - 15. What is the units digit of z?
8
Let t be (2/(-1))/(3/6). Let k = t + 13. What is the units digit of k?
9
Suppose -13*o + 5*o = -1472. What is the tens digit of o?
8
Suppose 2*l = -147 + 743. What is the hundreds digit of l?
2
Let s be ((-93)/6)/(4/(-8)). Let k = 4 + s. What is the units digit of k?
5
Let w be 1/(-1 + (-8)/(-6)). Let r(m) = -m**3 - m**2 + m + 5. Let k be r(0). Suppose k*q - 12 = w. What is the units digit of q?
3
Let h = -144 - -262. Suppose -4*l + 7*l = 5*s - 129, 5*l = -4*s + h. What is the units digit of s?
7
Let g(t) = t**3 - 21*t**2 - 14*t - 9. What is the units digit of g(22)?
7
Let k(c) = -c**2 - 4*c - 2. Let w be k(-4). Let t = 17 + w. What is the units digit of (16/6)/(5/t)?
8
Let w(i) = i**2 + 3*i + 1. What is the units digit of w(-4)?
5
Suppose 309 = 3*v - c + 6*c, -4*c = 5*v - 528. What is the tens digit of v?
0
Let i = -19 + 13. What is the units digit of (-57)/(-6) - 3/i?
0
Let j = 208 + -358. Suppose q = -2 - 4. What is the units digit of j/(-22) + q/(-33)?
7
Let w(g) = -g - 1. Let q(p) = 2*p - 10. Let y(x) = -q(x) - w(x). What is the units digit of y(9)?
2
Let m(j) = -13*j**3 - 3*j**2 + 5*j - 13. Let w(c) = 7*c**3 + 2*c**2 - 3*c + 7. Let b(p) = 4*m(p) + 7*w(p). What is the units digit of b(-2)?
1
Suppose -3*w - 1 = -10. Suppose -h - w = -1. What is the units digit of (-6)/(-9) + h/(-6)?
1
Let x = -1 - -65. What is the tens digit of x?
6
Let c(w) = w**3 - 7*w**2 + 2*w + 10. What is the tens digit of c(7)?
2
Let b(k) = -k**3 + 10*k**2 + 17*k - 13. What is the hundreds digit of b(10)?
1
Suppose 2*x + 3*x - 10 = 0. Let i = x + -2. Suppose 3*u + i*d - 2 = 2*d, -3*u = -5*d + 4. What is the units digit of u?
2
Let f be ((-1)/2)/((-3)/(-144)). Let d = 7 + f. Let u = -10 - d. What is the units digit of u?
7
Let g = 204 + -110. What is the tens digit of g?
9
Let y(f) = f + 11. Let a be y(-7). Let k = 2 - 2. Let g = k + a. What is the units digit of g?
4
Let w(r) = r**2 - 3*r - 2. What is the units digit of w(-2)?
8
Let i be (4 + 1)*(10 + 5). What is the tens digit of (i*-1)/(-3) - 1?
2
Suppose 9 = -a + 2*i - 4*i, 2*a - 2*i + 12 = 0. Let n = -9 + 4. Let h = n - a. What is the units digit of h?
2
Let r(l) be the second derivative of l**5/120 + 2*l**4/3 + l**3/6 + l. Let k(h) be the second derivative of r(h). What is the units digit of k(-9)?
7
Let r(u) = -u**3 - 5*u**2 - 5*u - 5. Let l be (-4 - 0)*1 - 1. Let t be r(l). What is the tens digit of (-1 - -3 - 2) + t?
2
Suppose 54 = 3*c - 0*c + 5*g, g = 0. Let q = -13 + c. Suppose 0 = z - 1 - q. What is the units digit of z?
6
Let u(j) = j**2 - 5*j + 22. What is the tens digit of u(9)?
5
Let d(y) = 55*y + 22. What is the units digit of d(3)?
7
Let c be 2/(-10) + 1180/25. Suppose 5*t - 5*a - c = 13, -5*a = -4*t + 53. What is the units digit of t?
7
Let d = 9 + -7. What is the units digit of d?
2
Suppose -2*c = -c - 8. Suppose -4*x + c*x - u - 42 = 0, -5*x + 46 = 2*u. What is the units digit of x?
0
Let j(o) = 7*o + 5. Let w(m) = 3*m + 2. Let r(p) = -4*j(p) + 9*w(p). Let y be r(-9). Suppose 0 = 4*t + 4*c - 28, c - y = -5*t + 8. What is the units digit of t?
2
Suppose 4*s + 139 = 3*o, 2*o - 49 = o + 2*s. What is the tens digit of o?
4
Suppose 3*s = 6, 4*c - 9 = 3*s + 5. Suppose -4*a - c*f = -0*f, 0 = a + f. Suppose 0*h - 2*h + 20 = a. What is the units digit of h?
0
Let u(h) = -h**3 + 9*h**2 + 9*h + 9. Let n be u(10). What is the tens digit of (n/1)/(5/(-75))?
1
Let u(f) = -f**3 + 0*f**3 + 1 + 0*f**3 + 2*f**3 - 2*f**2 - 3*f. Suppose -2*l + 15 = 3*l. What is the units digit of u(l)?
1
Suppose c - 7 + 87 = 2*b, -12 = 3*c. What is the tens digit of b?
3
Suppose 0 = -5*w - 4 + 9. Let i be (-1*(-2 + 4))/w. What is the units digit of (i/4)/((-3)/6)?
1
Let i = -304 + 441. What is the hundreds digit of i?
1
What is the units digit of (45/10)/(55/18 - 3)?
1
Let h(n) = 34*n**2 + 5*n - 3. What is the tens digit of h(2)?
4
What is the units digit of ((-4590)/119)/(0 + 6/(-28))?
0
Suppose -2 = -3*z - 4*m, 0 = -2*z - 3*z + 4*m + 46. What is the units digit of z?
6
Let m(z) = -5*z. Let o be m(-1). Suppose -51 - 74 = -o*b. What is the tens digit of b?
2
Let x be -1 + 5*(-1 - -2). Suppose -5*m = 3*q - 30, x*m + 0*m = q + 7. What is the units digit of q?
5
Suppose -3*a - 44 = -g, 19 = -3*a - 0*a - 4*g. Let s = a + 22. What is the units digit of s?
9
Suppose 11*i - 620 = 9*i. What is the units digit of i?
0
Suppose 2*n = -3*n + 1400. What is the hundreds digit of n?
2
Let i(z) = z**2 - 5*z - 6. Let r(b) = b. Let n be r(6). Let s be i(n). Suppose s = 2*y - 23 + 5. What is the units digit of y?
9
Let g be (-2)/3 - (-66)/(-9). Let u be 2/g + 12/(-16). What is the tens digit of 17 - (u - (-2 - -3))?
1
Let i(o) = -o**3 - 7*o**2 - 5*o + 6. Let w be i(-6). Suppose h = -w*h + 9. What is the units digit of h?
9
Suppose -106 = -4*p + 3*z, 0 = -3*p + p - 4*z + 42. What is the tens digit of p?
2
Let k be 2/5 + (-440)/(-25). Let c = k + -6. What is the units digit of c?
2
Let a be 143/44 - 6/(-8). Suppose 0 = -5*i - 5*k + 30, 3*i + a*k - 11 = 3. What is the tens digit of i?
1
Suppose -q - 3*q + 128 = 0. What is the tens digit of q?
3
Let u(h) = -h**3 - 7*h**2 - 6*h + 3. Let f be u(-6). Suppose f*p = -2*p + 40. What is the units digit of p?
8
What is the units digit of 2 - (3 - 15*6)?
9
Let y(s) = s + 6. Let c be y(0). Suppose 6 + c = 3*x. What is the units digit of x?
4
Suppose 0 = b + 4, 0 = -q + b + 15. Suppose 70 = j + q. Suppose -3*k = 4*x - 49, -4*k + 5*x - 4*x = -j. What is the units digit of k?
5
Suppose 3*i - 168 = -0*i. Let g = i + -18. What is the tens digit of g?
3
Let s(m) = -m + 12. Let j be s(6). Let o = 2 + j. What is the units digit of o?
8
Let j = 11 + -6. Suppose 2*u 